, 83, 311, 389
List the prime factors of 103465262.
2, 51732631
What are the prime factors of 55088425?
5, 7, 433, 727
List the prime factors of 3945210666.
2, 3, 657535111
What are the prime factors of 26369353?
97, 271849
What are the prime factors of 120386194?
2, 103, 584399
List the prime factors of 45572237.
233, 317, 617
List the prime factors of 636182277.
3, 23, 400871
What are the prime factors of 3326693546?
2, 11, 19, 7958597
List the prime factors of 1267259429.
29, 43698601
List the prime factors of 1631008171.
13, 125462167
What are the prime factors of 40885950?
2, 3, 5, 7, 23, 1693
What are the prime factors of 106937589?
3, 11, 719, 4507
List the prime factors of 2691396959.
2691396959
What are the prime factors of 26646272?
2, 104087
What are the prime factors of 1868048123?
53, 1019, 34589
What are the prime factors of 514774820?
2, 5, 7, 3676963
What are the prime factors of 2121440258?
2, 7, 127, 1193161
What are the prime factors of 1745098275?
3, 5, 283, 82219
What are the prime factors of 411161773?
11, 31, 1205753
What are the prime factors of 1744013906?
2, 872006953
What are the prime factors of 501301079?
947, 529357
List the prime factors of 540005206.
2, 13, 199, 104369
List the prime factors of 369819203.
13, 313, 90887
What are the prime factors of 4622767840?
2, 5, 17, 1699547
What are the prime factors of 131732328?
2, 3, 7, 13, 60317
What are the prime factors of 584883437?
673, 869069
List the prime factors of 87011439.
3, 29003813
What are the prime factors of 40466824?
2, 1459, 3467
What are the prime factors of 64549632?
2, 3, 7, 12007
List the prime factors of 156131391.
3, 13, 61, 65629
What are the prime factors of 14103539?
101, 311, 449
What are the prime factors of 742868752?
2, 1663, 27919
List the prime factors of 610041706.
2, 41, 127, 58579
What are the prime factors of 791229373?
11, 181, 199, 1997
What are the prime factors of 4052693904?
2, 3, 7, 199, 60611
What are the prime factors of 7551276427?
17, 1163, 381937
What are the prime factors of 141080252?
2, 23, 1533481
What are the prime factors of 14127261?
3, 4709087
List the prime factors of 12354412.
2, 7, 441229
List the prime factors of 2089391583.
3, 67, 113, 1373
List the prime factors of 1470192.
2, 3, 109, 281
What are the prime factors of 779442300?
2, 3, 5, 7, 13, 31, 307
What are the prime factors of 501780970?
2, 5, 50178097
What are the prime factors of 49146312?
2, 3, 19, 107777
What are the prime factors of 360155772?
2, 3, 199, 50273
List the prime factors of 230977731.
3, 76992577
List the prime factors of 545655858.
2, 3, 11, 61, 135533
List the prime factors of 265759443.
3, 83, 359, 991
What are the prime factors of 224387947?
7, 17, 1885613
What are the prime factors of 480244257?
3, 53360473
What are the prime factors of 4930013212?
2, 101, 12203003
What are the prime factors of 1449974667?
3, 293, 941, 1753
What are the prime factors of 133255994?
2, 313, 212869
List the prime factors of 35734733.
35734733
List the prime factors of 4298123.
19, 226217
List the prime factors of 211406459.
11, 19218769
List the prime factors of 380649368.
2, 11, 263, 16447
List the prime factors of 3368786.
2, 53, 61, 521
What are the prime factors of 147072652?
2, 131, 280673
What are the prime factors of 3797309?
1823, 2083
List the prime factors of 41984615.
5, 41, 204803
What are the prime factors of 379026053?
7, 2131, 25409
List the prime factors of 282802661.
137, 991, 2083
What are the prime factors of 3019514485?
5, 13, 19, 2444951
What are the prime factors of 1612539187?
7, 2543, 12941
List the prime factors of 625331013.
3, 208443671
List the prime factors of 287299729.
287299729
List the prime factors of 184387120.
2, 5, 2304839
What are the prime factors of 50952181?
7, 7278883
List the prime factors of 56544999.
3, 7, 2692619
What are the prime factors of 3225731605?
5, 97, 6650993
List the prime factors of 2795602763.
83, 89, 378449
What are the prime factors of 1239099159?
3, 413033053
List the prime factors of 870770739.
3, 47, 179, 34501
List the prime factors of 347022908.
2, 86755727
What are the prime factors of 12621783?
3, 4207261
What are the prime factors of 2820708238?
2, 17, 43, 1929349
What are the prime factors of 113699299?
7, 16242757
What are the prime factors of 2338354820?
2, 5, 116917741
List the prime factors of 8110957.
73, 111109
List the prime factors of 37538112.
2, 3, 195511
What are the prime factors of 44897391?
3, 7, 11, 17, 37, 103
List the prime factors of 77399411.
431, 179581
What are the prime factors of 164195601?
3, 54731867
List the prime factors of 3905440936.
2, 47, 107, 97073
What are the prime factors of 77866540?
2, 5, 53, 73459
List the prime factors of 86756213.
61, 173, 8221
What are the prime factors of 2934727286?
2, 953, 1539731
What are the prime factors of 1058556812?
2, 239, 347, 3191
List the prime factors of 52756020.
2, 3, 5, 23, 12743
What are the prime factors of 39726998?
2, 53, 374783
List the prime factors of 772965777.
3, 257655259
What are the prime factors of 97073246?
2, 251, 193373
What are the prime factors of 40704021?
3, 41, 47, 2347
List the prime factors of 20775540.
2, 3, 5, 346259
List the prime factors of 122983344.
2, 3, 11, 77641
What are the prime factors of 143165063?
151, 239, 3967
What are the prime factors of 932359699?
932359699
What are the prime factors of 291294708?
2, 3, 409, 59351
What are the prime factors of 318029379?
3, 106009793
What are the prime factors of 18112212?
2, 3, 89, 5653
List the prime factors of 37178422.
2, 17, 683, 1601
What are the prime factors of 333439075?
5, 19, 71, 9887
List the prime factors of 101207556.
2, 3, 104123
List the prime factors of 486466.
2, 243233
List the prime factors of 27748502.
2, 43, 307, 1051
List the prime factors of 284140717.
7, 40591531
What are the prime factors of 3327958382?
2, 7, 643, 52813
What are the prime factors of 269302101?
3, 23, 3902929
What are the prime factors of 318892763?
7, 1499, 30391
List the prime factors of 41026293.
3, 7, 11, 53, 1117
List the prime factors of 62947430.
2, 5, 7, 13, 17, 313
List the prime factors of 3286192131.
3, 2251, 162209
List the prime factors of 254840905.
5, 11, 4633471
What are the prime factors of 360939960?
2, 3, 5, 19, 52769
List the prime factors of 157743561.
3, 17, 3093011
What are the prime factors of 42219438?
2, 3, 7036573
What are the prime factors of 91537514?
2, 29, 191, 8263
List the prime factors of 66732293.
17, 73, 53773
What are the prime factors of 899104738?
2, 7, 17, 19, 198829
List the prime factors of 1768956775.
5, 1621, 43651
List the prime factors of 283620112.
2, 17, 67, 79, 197
What are the prime factors of 259462895?
5, 51892579
What are the prime factors of 455397939?
3, 6427, 7873
List the prime factors of 3979479037.
149, 173, 263, 587
List the prime factors of 2924797051.
11, 337, 788993
What are the prime factors of 38323784?
2, 4790473
What are the prime factors of 779916511?
11, 149, 181, 239
List the prime factors of 29904423.
3, 19, 29, 79, 229
What are the prime factors of 2162436730?
2, 5, 59, 3665147
List the prime factors of 68038667.
68038667
What are the prime factors of 57832082?
2, 7, 11, 375533
What are the prime factors of 387736373?
387736373
What are the prime factors of 268417575?
3, 5, 1192967
What are the prime factors of 183144894?
2, 3, 37, 824977
List the prime factors of 2128150303.
127, 587, 28547
What are the prime factors of 448644147?
3, 7, 1103, 2767
What are the prime factors of 37497026?
2, 7, 2678359
List the prime factors of 1636823454.
2, 3, 7, 401, 97187
List the prime factors of 51552421.
51552421
List the prime factors of 2560658059.
53, 67, 721109
List the prime factors of 11863671.
3, 17, 232621
List the prime factors of 422236736.
2, 337, 19577
What are the prime factors of 449585272?
2, 56198159
List the prime factors of 4062944014.
2, 151, 13453457
What are the prime factors of 7280097684?
2, 3, 19, 149, 214297
List the prime factors of 2570831184.
2, 3, 53558983
List the prime factors of 1038593703.
3, 7, 73, 281, 2411
List the prime factors of 59716771.
29, 113, 18223
List the prime factors of 131888443.
19, 73, 95089
List the prime factors of 12879697.
10